{"id":345,"date":"2021-07-13T10:06:39","date_gmt":"2021-07-13T10:06:39","guid":{"rendered":"https:\/\/neologicenergia.com\/?page_id=345"},"modified":"2021-08-02T09:58:10","modified_gmt":"2021-08-02T09:58:10","slug":"aviso-legal","status":"publish","type":"page","link":"https:\/\/neologicenergia.com\/?page_id=345","title":{"rendered":"Aviso Legal"},"content":{"rendered":"<p><strong>1.- Datos identificativos<\/strong><br \/>\nEn cumplimiento de lo dispuesto en la Ley 34\/2002, de 11 de julio, de Servicios de la Sociedad de la Informaci\u00f3n, le informamos de que este Aviso Legal y Condiciones de uso (en adelante, \u201cAviso Legal\u201d) regulan el acceso y uso del presente portal de Internet <a href=\"https:\/\/neologicenergia.com\">neologicenergia.com<\/a> (en adelante, Sitio Web) titularidad de la entidad:<\/p>\n<ul>\n<li>Titular: LONG SYSTEMS SL<\/li>\n<li>Domicilio social: Pol\u00edgono de Silvota, C\/ Pe\u00f1a Santa, s\/n, Centro de Servicios local 4, 33192, LLANERA (ASTURIAS)<\/li>\n<li>CIF B74398447<\/li>\n<li>Datos registrales: Registro Mercantil de ASTURIAS T4162, F 42, S 1, H AS 48907<\/li>\n<li>E-mail:\u00a0<u><a href=\"mailto:administracion@longsystems.es\">administracion@longsystems.es<\/a><\/u><\/li>\n<li>Tel\u00e9fono: 985 757 446<\/li>\n<\/ul>\n<p><strong>2.- Aceptaci\u00f3n<\/strong><br \/>\nLa navegaci\u00f3n, as\u00ed como el simple acceso al Sitio Web y\/o la mera utilizaci\u00f3n de los servicios ofrecidos a trav\u00e9s del mismo atribuyen la condici\u00f3n de usuario de dicha p\u00e1gina web (en adelante, \u201cUsuario\u201d) e implican la aceptaci\u00f3n plena y sin reservas de las condiciones incluidas en el presente Aviso Legal, en la versi\u00f3n publicada por neologicenergia.com en el momento mismo en que el Usuario acceda al Sitio Web. neologicenergia.com se reserva la facultad de modificar unilateralmente, en cualquier momento y sin necesidad de previo aviso, las cl\u00e1usulas del presente Aviso Legal as\u00ed como la configuraci\u00f3n y, en general, cualquier otro contenido o servicio de su Sitio Web. La utilizaci\u00f3n de los servicios y\/o el simple acceso al Sitio Web, supondr\u00e1 la aceptaci\u00f3n de cualquier modificaci\u00f3n introducida. Por ello, neologicenergia.com recomienda consultar peri\u00f3dicamente el presente documento, as\u00ed como sus posteriores modificaciones. Asimismo, la utilizaci\u00f3n del Sitio Web se encuentra sometida a la <a href=\"https:\/\/neologicenergia.com\/politica-privacidad\/\">Pol\u00edtica de Privacidad<\/a> y la <a href=\"https:\/\/neologicenergia.com\/politica-de-cookies\/\">Pol\u00edtica de Cookies<\/a> puestas en conocimiento del usuario a trav\u00e9s del presente Sitio Web y que completan el presente Aviso Legal.<\/p>\n<p><strong>3.- Uso del Sitio Web<\/strong><br \/>\nEl Usuario es consciente y acepta voluntaria y expresamente que el uso del Sitio Web se realiza en todo caso bajo su \u00fanica y exclusiva responsabilidad. El Usuario se compromete a utilizar el Sitio Web as\u00ed como sus servicios y contenidos sin contravenir la legislaci\u00f3n vigente, la buena fe, los usos generalmente aceptados y el orden p\u00fablico. En la utilizaci\u00f3n del Sitio Web, con car\u00e1cter enunciativo pero no limitativo, queda prohibido:<\/p>\n<ul>\n<li>Acceder sin autorizaci\u00f3n a cualquier secci\u00f3n del Sitio Web, a otros sistemas o redes conectados al Sitio Web, a ning\u00fan servidor de neologicenergia.com, por medio de pirateo o falsificaci\u00f3n, extracci\u00f3n de contrase\u00f1as o cualquier otro medio ileg\u00edtimo.<\/li>\n<li>Llevar a cabo cualquier conducta que pueda da\u00f1ar, interrumpir o provocar cualquier error de funcionamiento del Sitio Web o en el equipo de un tercero, en particular provocar la saturaci\u00f3n innecesaria en la infraestructura del Sitio Web as\u00ed como en los sistemas y redes conectados al Sitio Web.<\/li>\n<li>Transmitir, instalar o publicar cualquier programa, virus o archivo perjudicial.<\/li>\n<li>Recoger, difundir o poner a disposici\u00f3n de terceros, datos de car\u00e1cter personal de otros usuarios.<\/li>\n<li>Reproducir, distribuir o manipular los contenidos del Sitio Web, sin autorizaci\u00f3n expresa del titular.<\/li>\n<\/ul>\n<p><strong>4<\/strong><strong>.- Propiedad intelectual e industrial<\/strong><br \/>\nTodos los derechos de propiedad industrial e intelectual as\u00ed como toda la informaci\u00f3n contenida en el Sitio Web (im\u00e1genes, marcas, dise\u00f1os gr\u00e1ficos, c\u00f3digo fuente, dise\u00f1o, estructura de navegaci\u00f3n, bases de datos, y cualquier otro contenido que en la misma aparezca) son propiedad exclusiva de neologicenergia.com o, en su caso, est\u00e1n debidamente licenciados por el titular.<br \/>\nLas denominaciones de otros productos, servicios y compa\u00f1\u00edas que aparezcan en este documento o en el Sitio Web pueden ser marcas u otros signos distintivos registrados por sus respectivos y leg\u00edtimos propietarios, sin que pueda entenderse que el acceso o uso al Sitio Web atribuya al Usuario derecho alguno sobre las citadas marcas y los otros signos distintivos registrados.<br \/>\nEl Usuario queda \u00fanicamente autorizado para visualizar y obtener una copia privada temporal de los contenidos para su exclusivo uso personal y privado en sus sistemas inform\u00e1ticos (software y hardware) y no sean posteriormente cedidos a terceros. Con las salvedades anteriores, quedan expresamente prohibidos al Usuario la reproducci\u00f3n, transformaci\u00f3n, distribuci\u00f3n, comunicaci\u00f3n p\u00fablica, puesta a disposici\u00f3n, extracci\u00f3n, reutilizaci\u00f3n, reenv\u00edo o la utilizaci\u00f3n de cualquier naturaleza, por cualquier medio o procedimiento, de cualquiera de ellos, salvo en los casos que est\u00e9 legalmente permitido o sea autorizado de forma expresa y por escrito por neologicenergia.com y\/o el titular de los correspondientes derechos. Con car\u00e1cter enunciativo pero no limitativo:<\/p>\n<ul>\n<li>El Usuario no se encuentra autorizado para emplear la informaci\u00f3n contenida en el Sitio Web con la finalidad de desarrollar actividades de car\u00e1cter comercial o profesional (venta directa o con cualquiera otra clase de finalidad comercial as\u00ed como comercializar en cualquier modo dicha informaci\u00f3n).<\/li>\n<li>El Usuario no se encuentra autorizado a suprimir, eludir, manipular el \u201ccopyright\u201d, as\u00ed como cualesquiera mecanismos de protecci\u00f3n.<\/li>\n<li>El Usuario no se encuentra autorizado para desmontar, descompilar o invertir las bases de datos en la que se almacena la informaci\u00f3n del Sitio Web. La utilizaci\u00f3n no autorizada de la informaci\u00f3n contenida en este Sitio Web, su reventa, as\u00ed como la lesi\u00f3n de los derechos de propiedad industrial e intelectual de neologicenergia.com, dar\u00e1 lugar a las responsabilidades legalmente establecidas.<\/li>\n<\/ul>\n<p>En el caso de que el Usuario env\u00ede informaci\u00f3n de cualquier tipo a neologicenergia.com a trav\u00e9s de cualquiera de los canales habilitados al efecto, el Usuario declara, garantiza y acepta que tiene derecho a hacerlo, que no infringe ning\u00fan derecho de propiedad intelectual, industrial, secreto comercial o cualesquiera otros derechos de terceros, y que dicha informaci\u00f3n no tiene car\u00e1cter confidencial.<br \/>\nSi el Usuario tuviera conocimiento de la existencia de alg\u00fan contenido il\u00edcito, ilegal, contrario a las leyes o que pudiera suponer una infracci\u00f3n de derechos de propiedad intelectual y\/o industrial, deber\u00e1 notificarlo inmediatamente a neologicenergia.com a trav\u00e9s de la direcci\u00f3n de correo <a href=\"mailto:administracion@longsystems.es\">administracion@longsystems.es<\/a>.<\/p>\n<p><strong>5.- Pol\u00edtica de enlaces<\/strong><br \/>\nneologicenergia.com no controla los contenidos, las condiciones de uso o las pr\u00e1cticas de los sitios web de terceros ni asume responsabilidad alguna por \u00e9stos.<br \/>\nEl Usuario reconoce y acepta que neologicenergia.com no es responsable de la disponibilidad de los sitios web de terceros y no garantiza ni asume ning\u00fan tipo de responsabilidad por los da\u00f1os y perjuicios sufridos por el acceso a contenidos de terceros a trav\u00e9s de las posibles conexiones, v\u00ednculos o links de los sitios enlazados desde el Sitio Web.<br \/>\nLa funci\u00f3n que, en su caso, podr\u00edan tener tales hiperlenlaces o dispositivos t\u00e9cnicos de enlace (p.e. links, banners o botones) es exclusivamente la de informar a los usuarios sobre la existencia de otras fuentes de informaci\u00f3n u otros contenidos y servicios de Internet. neologicenergia.com no ser\u00e1 en ning\u00fan caso responsable del resultado obtenido a trav\u00e9s de dichos hiperenlaces o dispositivos t\u00e9cnicos de enlace (p.e. links o botones) o de las consecuencias que se deriven del acceso por los usuarios a los mismos (sitios enlazados). Estos contenidos de terceros son proporcionados por \u00e9stos, por lo que neologicenergia.com no puede controlar la licitud de tales contenidos ni la calidad de los servicios ofrecidos en los mismos. neologicenergia.com no ofrece ni comercializa por s\u00ed y\/o por medio de terceros la informaci\u00f3n, contenidos y servicios disponibles en los sitios web enlazados, ni aprueba, supervisa o controla de modo alguno los contenidos y servicios as\u00ed como cualquier material de cualquier naturaleza existente en los mismos, asumiendo el Usuario de manera exclusiva toda la responsabilidad de la navegaci\u00f3n a trav\u00e9s de los mismos.<br \/>\nPor otro lado, queda expresamente prohibida la introducci\u00f3n de hiperenlaces o dispositivos t\u00e9cnicos de enlace (p.e. links, banners o botones) con fines mercantiles en p\u00e1ginas web ajenas a neologicenergia.com, que permitan el acceso al presente dominio, sin el consentimiento previo y por escrito de neologicenergia.com. En todo caso, la existencia de tales hiperenlaces, no implicar\u00e1, en ning\u00fan caso, la existencia de relaciones comerciales o mercantiles con el titular de la p\u00e1gina web donde se establezca el hiperenlace, ni la aceptaci\u00f3n por parte de neologicenergia.com de sus contenidos o servicios. En todo caso, neologicenergia.com se reserva el derecho de prohibir o inutilizar en cualquier momento cualquier hiperenlace o dispositivo t\u00e9cnico de enlace (p.e. links, banners o botones) a su sitio web, especialmente, en los supuestos de ilicitud de la actividad o contenidos del sitio web en que se incluye el hiperenlace o en el dispositivo t\u00e9cnico de enlace.<\/p>\n<p><strong>6.- Limitaci\u00f3n de responsabilidad<\/strong><br \/>\nneologicenergia.com declara que ha adoptado todas las medidas tecnol\u00f3gicas necesarias, dentro de sus posibilidades, para garantizar el buen funcionamiento del Sitio Web y se compromete a realizar mejoras peri\u00f3dicas para evitar cualquier error en los contenidos que pudieran aparecer en dicha Web.<br \/>\nneologicenergia.com no garantiza ni se hace responsable de:<\/p>\n<ul>\n<li>La disponibilidad ni la continuidad de los contenidos de su p\u00e1gina web.<\/li>\n<li>La ausencia de errores en dichos contenidos.<\/li>\n<li>Las interrupciones temporales del servicio, demoras, errores, mal funcionamiento y, en general, dem\u00e1s inconvenientes que tengan su origen en causas que escapan al control de neologicenergia.com, y\/o se deban a la actuaci\u00f3n dolosa o culposa del usuario y\/o vengan causadas por Fuerza Mayor.<\/li>\n<li>La inexistencia de virus u otros elementos que puedan producir alteraciones en los sistemas inform\u00e1ticos (software y hardware) del Usuario o en sus documentos electr\u00f3nicos y registro de las actividades de tratamientos contenidos en los mismos.<\/li>\n<li>La utilizaci\u00f3n que el Usuario realice del contenido del Sitio Web que pueda suponer una violaci\u00f3n de cualquier tipo de norma, nacional o internacional, de los derechos de propiedad intelectual o industrial o cualquier otro derecho de terceros.<\/li>\n<li>Los posibles errores de seguridad que se puedan producir ni de los posibles da\u00f1os que puedan causarse al sistema inform\u00e1tico del usuario (hardware y software), los registro de las actividades de tratamientos o documentos almacenados en el mismo, como consecuencia de un mal funcionamiento del navegador o del uso de versiones no actualizadas del mismo.<\/li>\n<li>Del estado de los enlaces o links que pueda contener este Sitio Web y que puedan conducir al Usuario a otros sitios y p\u00e1ginas web gestionados por terceros. www.neologicenergia.com no responde ni de los contenidos ni del estado de dichos sitios y p\u00e1ginas web. El acceso a las mismas a trav\u00e9s de este Sitio Web tampoco implica que neologicenergia.com recomiende o apruebe sus contenidos.<\/li>\n<\/ul>\n<p><strong>7.- Confidencialidad y Protecci\u00f3n de datos<\/strong><br \/>\nTodos los datos de car\u00e1cter personal facilitados durante la utilizaci\u00f3n del Sitio Web ser\u00e1n tratados de conformidad con lo dispuesto en la <a href=\"https:\/\/neologicenergia.com\/politica-privacidad\/\">Pol\u00edtica de Privacidad.<\/a><\/p>\n<p><strong>8.- Condiciones generales de uso de perfiles sociales<\/strong><br \/>\nLas redes sociales en las que participe NEOLOGIC ENERG\u00cdA pueden incluir opiniones, recomendaciones o manifestaciones de terceros, que no reflejan necesariamente las opiniones de NEOLOGIC ENERG\u00cdA, ni indican su compromiso con una determinada l\u00ednea de actuaci\u00f3n.<br \/>\nLa informaci\u00f3n proporcionada a trav\u00e9s del perfil de LONG SYSTEM S.L. en las redes sociales no debe considerarse en ning\u00fan caso asimilable al asesoramiento profesional y presencial.<br \/>\nNEOLOGIC ENERG\u00cdA no se hace responsable de las actuaciones de los usuarios, asumiendo \u00e9stos todas las responsabilidades que pudieran derivarse:<\/p>\n<ul>\n<li>Si aparece publicada en la red social cualquier informaci\u00f3n que no hubiera sido publicada o compartida por parte de NEOLOGIC ENERG\u00cdA, o que en su caso hubiera sido publicada por un tercero ajeno.<\/li>\n<li>Si la red social no se encuentra operativa por razones t\u00e9cnicas imputables al due\u00f1o de la propia plataforma, terceros o causas imprevisibles o de fuerza mayor, siendo estas circunstancias responsabilidad de la red social, o en su caso del tercero.<\/li>\n<li>Si la red social modifica cualquiera de sus avisos legales y\/o condiciones de uso.<\/li>\n<\/ul>\n<p><strong>9.- Uso de Cookies<\/strong><br \/>\nEste Sitio Web utiliza cookies. Toda la informaci\u00f3n sobre ellas est\u00e1 recogida en nuestra Pol\u00edtica de Cookies.<\/p>\n<p><strong>10.- Notificaciones<\/strong><br \/>\nTodas las notificaciones y comunicaciones (en adelante, \u201cNotificaciones\u201d) por parte del usuario a neologicenergia.com se considerar\u00e1n eficaces, a todos los efectos, cuando se dirijan a trav\u00e9s del formulario de Contacto habilitado en el Sitio Web. Asimismo, todas las Notificaciones que realice neologicenergia.com al usuario se considerar\u00e1n v\u00e1lidamente efectuadas si se han realizado empleando los datos aportados por el usuario y a trav\u00e9s de cualquier medio de comunicaci\u00f3n valido en Derecho. A estos efectos, el Usuario manifiesta y garantiza que todos los datos facilitados por \u00e9l son ciertos y correctos y que los mantendr\u00e1 debidamente actualizados.<\/p>\n<p><strong>11.- Duraci\u00f3n y terminaci\u00f3n<\/strong><br \/>\nLa existencia del Sitio Web as\u00ed como la prestaci\u00f3n de los servicios ofertados en el mismo tiene, en principio, una duraci\u00f3n indefinida. No obstante, neologicenergia.com est\u00e1 legitimada para dar por terminada o suspender la prestaci\u00f3n de los referidos servicios y cancelar el Sitio Web en cualquier momento. Cuando ello sea razonablemente posible, neologicenergia.com advertir\u00e1 previamente a los usuarios sobre la terminaci\u00f3n o suspensi\u00f3n del Sitio Web as\u00ed como, en su caso, de los servicios ofertados en el mismo.<\/p>\n<p><strong>12.- Ley aplicable y jurisdicci\u00f3n<\/strong><br \/>\nToda cuesti\u00f3n litigiosa relacionada con la utilizaci\u00f3n del presente Sitio Web estar\u00e1 sometida a la legislaci\u00f3n espa\u00f1ola, siendo competentes para la resoluci\u00f3n de cuantas cuestiones pudieran suscitarse o acciones ejercitarse derivadas de la prestaci\u00f3n de los servicios y\/o contenidos del Sitio Web as\u00ed como sobre la interpretaci\u00f3n, aplicaci\u00f3n, cumplimiento y\/o incumplimiento de lo aqu\u00ed establecido a los Juzgados y Tribunales de Espa\u00f1a, salvo que mediante norma imperativa se establezca otro fuero distinto.<br \/>\nEl presente Aviso Legal y Condiciones de uso se encuentran actualizados a fecha 27\/09\/2018 \u00a9 neologicenergia.com. Reservados todos los derechos.<\/p>\n","protected":false},"excerpt":{"rendered":"<p>1.- Datos identificativos En cumplimiento de lo dispuesto en la Ley 34\/2002, de 11 de julio, de Servicios de la Sociedad de la Informaci\u00f3n, le informamos de que este Aviso Legal y Condiciones de uso (en adelante, \u201cAviso Legal\u201d) regulan&hellip;<\/p>\n","protected":false},"author":1,"featured_media":0,"parent":0,"menu_order":20,"comment_status":"closed","ping_status":"closed","template":"templates\/no-sidebar.php","meta":{"footnotes":""},"class_list":["post-345","page","type-page","status-publish","hentry","entry","no-media"],"_links":{"self":[{"href":"https:\/\/neologicenergia.com\/index.php?rest_route=\/wp\/v2\/pages\/345","targetHints":{"allow":["GET"]}}],"collection":[{"href":"https:\/\/neologicenergia.com\/index.php?rest_route=\/wp\/v2\/pages"}],"about":[{"href":"https:\/\/neologicenergia.com\/index.php?rest_route=\/wp\/v2\/types\/page"}],"author":[{"embeddable":true,"href":"https:\/\/neologicenergia.com\/index.php?rest_route=\/wp\/v2\/users\/1"}],"replies":[{"embeddable":true,"href":"https:\/\/neologicenergia.com\/index.php?rest_route=%2Fwp%2Fv2%2Fcomments&post=345"}],"version-history":[{"count":16,"href":"https:\/\/neologicenergia.com\/index.php?rest_route=\/wp\/v2\/pages\/345\/revisions"}],"predecessor-version":[{"id":533,"href":"https:\/\/neologicenergia.com\/index.php?rest_route=\/wp\/v2\/pages\/345\/revisions\/533"}],"wp:attachment":[{"href":"https:\/\/neologicenergia.com\/index.php?rest_route=%2Fwp%2Fv2%2Fmedia&parent=345"}],"curies":[{"name":"wp","href":"https:\/\/api.w.org\/{rel}","templated":true}]}}