{"id":43,"date":"2015-01-16T22:02:10","date_gmt":"2015-01-16T22:02:10","guid":{"rendered":"http:\/\/totaltheme.wpengine.com\/portfolio\/?page_id=43"},"modified":"2025-05-24T17:22:37","modified_gmt":"2025-05-24T17:22:37","slug":"home","status":"publish","type":"page","link":"https:\/\/neologicenergia.com\/","title":{"rendered":"Inicio"},"content":{"rendered":"[vc_row full_width=\u00bbstretch_row_content_no_spaces\u00bb remove_bottom_col_margin=\u00bbtrue\u00bb][vc_column][rev_slider_vc alias=\u00bbhome-video-layer-video\u00bb]<div class=\"vcex-spacing wpex-w-100 wpex-clear hidden-phone\" style=\"height:60px\"><\/div>[\/vc_column][\/vc_row][vc_row full_width=\u00bbstretch_row_content_no_spaces\u00bb content_placement=\u00bbmiddle\u00bb equal_height=\u00bbyes\u00bb remove_bottom_col_margin=\u00bbtrue\u00bb css=\u00bb.vc_custom_1626087414676{margin-top: 60px !important;margin-bottom: 40px !important;}\u00bb][vc_column width=\u00bb1\/2&#8243; css=\u00bb.vc_custom_1626085292478{padding-top: 340px !important;padding-bottom: 340px !important;background-image: url(https:\/\/neologicenergia.com\/wp-content\/uploads\/2021\/07\/empieza-a-ahorrar-neologic.jpg?id=219) !important;background-position: center !important;background-repeat: no-repeat !important;background-size: cover !important;}\u00bb]<div class=\"textcenter theme-button-wrap wpex-clr\"><a href=\"https:\/\/neologicenergia.com\/contacto-neologic-energia\/enviar-factura\/\" class=\"vcex-button theme-button large align-center inline hvr hvr-sink hidden-phone\" style=\"background:rgba(0,150,64,0.8);padding-top:20px;padding-right:28px;padding-bottom:20px;padding-left:28px;color:#ffffff;border:0px;\" data-wpex-hover='{&quot;background&quot;:&quot;rgba(40,150,88,0.8)&quot;}'><span class=\"theme-button-inner\">ENVIAR FACTURA<\/span><\/a><\/div> [\/vc_column][vc_column width=\u00bb1\/2&#8243;][vc_row_inner content_placement=\u00bbmiddle\u00bb el_class=\u00bbDTpr20-100&#8243;][vc_column_inner]<div class=\"vcex-spacing wpex-w-100 wpex-clear visible-phone\" style=\"height:48px\"><\/div><div class=\"vcex-module vcex-icon-box vcex-icon-box-one wpex-relative wpex-flex wpex-items-center wpex-text-left numbers\"><div class=\"vcex-icon-box-symbol wpex-flex-shrink-0 wpex-mr-20\"><a href=\"https:\/\/neologicenergia.com\/contacto-neologic-energia\/enviar-factura\/\" class=\"wpex-no-underline\" title=\"Enviar factura\"><img decoding=\"async\" loading=\"lazy\" class=\"vcex-icon-box-image wpex-align-middle\" src=\"https:\/\/neologicenergia.com\/wp-content\/uploads\/2021\/07\/1.png\" alt=\"\" width=\"138\" height=\"138\" \/><\/a><\/div><div class=\"vcex-icon-box-text wpex-flex-grow\"><a href=\"https:\/\/neologicenergia.com\/contacto-neologic-energia\/enviar-factura\/\" class=\"vcex-icon-box-link wpex-no-underline\" title=\"Enviar factura\"><h2 class=\"vcex-icon-box-heading wpex-heading wpex-text-md wpex-mb-10\" style=\"font-size:18px;\">Facil\u00edtanos la \u00faltima factura <span class=\"wpex-badge\" style=\"background-color:#e8a91c;\">Enviar factura<\/span><\/h2><\/a><div class=\"vcex-icon-box-content wpex-last-mb-0 wpex-clr\"><p><span class=\"green\">Simplificamos los procesos<\/span> y, como sabemos que el tiempo es oro, basta con que nos hagas llegar tu \u00faltima factura y <span class=\"green\">nuestro equipo se encarga de todo<\/span>.<\/p>\n<\/div><\/div><\/div>[vc_empty_space height=\u00bb64px\u00bb]<div class=\"vcex-module vcex-icon-box vcex-icon-box-one wpex-relative wpex-flex wpex-items-center wpex-text-left numbers\"><div class=\"vcex-icon-box-symbol wpex-flex-shrink-0 wpex-mr-20\"><img decoding=\"async\" loading=\"lazy\" class=\"vcex-icon-box-image wpex-align-middle\" src=\"https:\/\/neologicenergia.com\/wp-content\/uploads\/2021\/07\/2.png\" alt=\"\" width=\"138\" height=\"138\" \/><\/a><\/div><div class=\"vcex-icon-box-text wpex-flex-grow\"><h2 class=\"vcex-icon-box-heading wpex-heading wpex-text-md wpex-mb-10\" style=\"font-size:18px;\">Te mandamos la comparativa<\/h2><div class=\"vcex-icon-box-content wpex-last-mb-0 wpex-clr\"><p>Mandamos una <span class=\"green\">comparativa sin compromiso<\/span> y ah\u00ed decides si quieres empezar a ahorrar!<\/p>\n<\/div><\/div><\/div>[vc_empty_space height=\u00bb64px\u00bb]<div class=\"vcex-module vcex-icon-box vcex-icon-box-one wpex-relative wpex-flex wpex-items-center wpex-text-left numbers\"><div class=\"vcex-icon-box-symbol wpex-flex-shrink-0 wpex-mr-20\"><img decoding=\"async\" loading=\"lazy\" class=\"vcex-icon-box-image wpex-align-middle\" src=\"https:\/\/neologicenergia.com\/wp-content\/uploads\/2021\/07\/3.png\" alt=\"\" width=\"138\" height=\"138\" \/><\/a><\/div><div class=\"vcex-icon-box-text wpex-flex-grow\"><h2 class=\"vcex-icon-box-heading wpex-heading wpex-text-md wpex-mb-10\" style=\"font-size:18px;\">T\u00fa decides si empiezas a ahorrar<\/h2><div class=\"vcex-icon-box-content wpex-last-mb-0 wpex-clr\"><p>Si el ahorro propuesto no te resulta suficiente, y <span class=\"green\">quieres m\u00e1s<\/span>, te hacemos el estudio para que decidas si prefieres que te instalemos <span class=\"green\">nuestras placas solares GRATIS<\/span>.<br \/>\nS\u00f3lo en el caso de que quisieras las placas gratuitas, te pediremos 10 a\u00f1os de permanencia con nosotros.<\/p>\n<\/div><\/div><\/div>[\/vc_column_inner][\/vc_row_inner][\/vc_column][\/vc_row][vc_row css=\u00bb.vc_custom_1525630456208{padding-top: 60px !important;padding-bottom: 20px !important;}\u00bb][vc_column]<div class=\"textcenter theme-button-wrap wpex-clr\"><a href=\"https:\/\/neologicenergia.com\/contacto-neologic-energia\/enviar-factura\/\" class=\"vcex-button theme-button large align-center inline hvr hvr-sink visible-phone\" style=\"background:rgba(0,150,64,0.8);padding-top:20px;padding-right:28px;padding-bottom:20px;padding-left:28px;color:#ffffff;border:0px;\" data-wpex-hover='{&quot;background&quot;:&quot;rgba(40,150,88,0.8)&quot;}'><span class=\"theme-button-inner\">ENVIAR FACTURA<\/span><\/a><\/div> [\/vc_column][\/vc_row][vc_row css=\u00bb.vc_custom_1626723531880{padding-bottom: 20px !important;}\u00bb][vc_column]<div class=\"vcex-spacing wpex-w-100 wpex-clear visible-phone\" style=\"height:48px\"><\/div>[vc_separator css=\u00bb.vc_custom_1626087332390{padding-bottom: 40px !important;}\u00bb]<h1 class=\"vcex-heading vcex-module wpex-text-2xl wpex-font-normal wpex-m-auto wpex-max-w-100 vcex-heading-plain wpex-block wpex-text-center\" data-wpex-rcss='{&quot;font-size&quot;:{&quot;d&quot;:&quot;30px&quot;,&quot;tl&quot;:&quot;30px&quot;,&quot;tp&quot;:&quot;30px&quot;,&quot;pl&quot;:&quot;20px&quot;,&quot;pp&quot;:&quot;20px&quot;}}'><span class=\"vcex-heading-inner wpex-inline-block wpex-clr\">No cambies tu manera de trabajar y de vivir.<br \/>\nSimplemente deja que te propongamos la mejor alternativa para ahorrar.<\/span><\/h1><div class=\"vcex-spacing wpex-w-100 wpex-clear\" style=\"height:40px\"><\/div><h1 class=\"vcex-heading vcex-module wpex-text-2xl wpex-font-normal wpex-m-auto wpex-max-w-100 vcex-heading-plain wpex-block wpex-text-center\" data-wpex-rcss='{&quot;font-size&quot;:{&quot;d&quot;:&quot;40px&quot;,&quot;tl&quot;:&quot;40px&quot;,&quot;tp&quot;:&quot;40px&quot;,&quot;pl&quot;:&quot;28px&quot;,&quot;pp&quot;:&quot;28px&quot;}}' style=\"color:#009640;\"><span class=\"vcex-heading-inner wpex-inline-block wpex-clr\">Busca, compara y \u00a1AHORRA!<\/span><\/h1>[vc_separator css=\u00bb.vc_custom_1626087346535{padding-top: 40px !important;}\u00bb][\/vc_column][\/vc_row][vc_row full_width=\u00bbstretch_row\u00bb css=\u00bb.vc_custom_1626723613683{margin-bottom: 80px !important;padding-top: 60px !important;padding-bottom: 40px !important;}\u00bb][vc_column]<h2 class=\"vcex-heading vcex-module wpex-text-2xl wpex-font-normal wpex-m-auto wpex-max-w-100 vcex-heading-plain wpex-block wpex-text-center\" style=\"font-size:32px;font-weight:400;\"><span class=\"vcex-heading-inner wpex-inline-block wpex-clr\">Servicios<\/span><\/h2>[vc_column_text el_class=\u00bblimit-text-width\u00bb text_align=\u00bbcenter\u00bb]Empieza a ahorrar ahora[\/vc_column_text]<div class=\"vcex-spacing wpex-w-100 wpex-clear\" style=\"height:40px\"><\/div>[vc_row_inner][vc_column_inner width=\u00bb1\/4&#8243;]<div class=\"vcex-module vcex-icon-box vcex-icon-box-two wpex-relative wpex-text-center\"><div class=\"vcex-icon-box-symbol wpex-mb-20\"><a href=\"https:\/\/neologicenergia.com\/2021web\/energia-verde\/\" class=\"wpex-no-underline\"><img decoding=\"async\" loading=\"lazy\" class=\"vcex-icon-box-image wpex-align-middle\" src=\"https:\/\/neologicenergia.com\/wp-content\/uploads\/2015\/01\/delicate.jpg\" alt=\"\" width=\"1200\" height=\"798\" \/><\/a><\/div><div class=\"vcex-icon-box-text\"><a href=\"https:\/\/neologicenergia.com\/2021web\/energia-verde\/\" class=\"vcex-icon-box-link wpex-no-underline\"><h2 class=\"vcex-icon-box-heading wpex-heading wpex-text-md wpex-mb-10\" style=\"font-size:18px;\">Energ\u00eda verde<\/h2><\/a><div class=\"vcex-icon-box-content wpex-last-mb-0 wpex-clr\"><p>Nos ocupamos de todo, ahorra y no pagues nada.<\/p>\n<\/div><\/div><\/div>[\/vc_column_inner][vc_column_inner width=\u00bb1\/4&#8243;]<div class=\"vcex-module vcex-icon-box vcex-icon-box-two wpex-relative wpex-text-center\"><div class=\"vcex-icon-box-symbol wpex-mb-20\"><a href=\"https:\/\/neologicenergia.com\/2021web\/energia\/\" class=\"wpex-no-underline\"><img decoding=\"async\" loading=\"lazy\" class=\"vcex-icon-box-image wpex-align-middle\" src=\"https:\/\/neologicenergia.com\/wp-content\/uploads\/2015\/01\/blog6.jpg\" alt=\"\" width=\"1200\" height=\"798\" \/><\/a><\/div><div class=\"vcex-icon-box-text\"><a href=\"https:\/\/neologicenergia.com\/2021web\/energia\/\" class=\"vcex-icon-box-link wpex-no-underline\"><h2 class=\"vcex-icon-box-heading wpex-heading wpex-text-md wpex-mb-10\" style=\"font-size:18px;\">Energ\u00eda<\/h2><\/a><div class=\"vcex-icon-box-content wpex-last-mb-0 wpex-clr\"><p>Obt\u00e9n los mejores precios en suministros.<\/p>\n<\/div><\/div><\/div>[\/vc_column_inner][vc_column_inner width=\u00bb1\/4&#8243;]<div class=\"vcex-module vcex-icon-box vcex-icon-box-two wpex-relative wpex-text-center\"><div class=\"vcex-icon-box-symbol wpex-mb-20\"><a href=\"https:\/\/neologicenergia.com\/syc.pdf\" class=\"wpex-no-underline\" target=\"_blank\" rel=\"noopener noreferrer\"><img decoding=\"async\" loading=\"lazy\" class=\"vcex-icon-box-image wpex-align-middle\" src=\"https:\/\/neologicenergia.com\/wp-content\/uploads\/2025\/05\/imagen-consultoria-financiera.jpg\" alt=\"\" width=\"1024\" height=\"683\" \/><\/a><\/div><div class=\"vcex-icon-box-text\"><a href=\"https:\/\/neologicenergia.com\/syc.pdf\" class=\"vcex-icon-box-link wpex-no-underline\" target=\"_blank\" rel=\"noopener noreferrer\"><h2 class=\"vcex-icon-box-heading wpex-heading wpex-text-md wpex-mb-10\" style=\"font-size:18px;\">Subvenciones y Consultoria<\/h2><\/a><div class=\"vcex-icon-box-content wpex-last-mb-0 wpex-clr\"><p>10 a\u00f1os a la vanguardia de la eficiencia energ\u00e9tica.<\/p>\n<\/div><\/div><\/div>[\/vc_column_inner][vc_column_inner width=\u00bb1\/4&#8243;]<div class=\"vcex-module vcex-icon-box vcex-icon-box-two wpex-relative wpex-text-center\"><div class=\"vcex-icon-box-symbol wpex-mb-20\"><a href=\"https:\/\/neologicenergia.com\/monitor.pdf\" class=\"wpex-no-underline\" target=\"_blank\" rel=\"noopener noreferrer\"><img decoding=\"async\" loading=\"lazy\" class=\"vcex-icon-box-image wpex-align-middle\" src=\"https:\/\/neologicenergia.com\/wp-content\/uploads\/2025\/05\/eficiencia-energ.jpg\" alt=\"\" width=\"657\" height=\"442\" \/><\/a><\/div><div class=\"vcex-icon-box-text\"><a href=\"https:\/\/neologicenergia.com\/monitor.pdf\" class=\"vcex-icon-box-link wpex-no-underline\" target=\"_blank\" rel=\"noopener noreferrer\"><h2 class=\"vcex-icon-box-heading wpex-heading wpex-text-md wpex-mb-10\" style=\"font-size:18px;\">Eficiencia Energ\u00e9tica<\/h2><\/a><div class=\"vcex-icon-box-content wpex-last-mb-0 wpex-clr\"><p>Monitorizaci\u00f3n y Gesti\u00f3n Energ\u00e9tica Integral Flexible.<\/p>\n<\/div><\/div><\/div>[\/vc_column_inner][\/vc_row_inner][\/vc_column][\/vc_row][vc_row full_width=\u00bbstretch_row\u00bb css=\u00bb.vc_custom_1489786998390{margin-bottom: 80px !important;padding-top: 60px !important;padding-bottom: 40px !important;background-color: #f5f5f5 !important;}\u00bb][vc_column]<h2 class=\"vcex-heading vcex-module wpex-text-2xl wpex-font-normal wpex-m-auto wpex-max-w-100 vcex-heading-plain wpex-block wpex-text-center\" style=\"font-size:32px;font-weight:400;\"><span class=\"vcex-heading-inner wpex-inline-block wpex-clr\">\u00daltimas noticias<\/span><\/h2>[vc_column_text el_class=\u00bblimit-text-width\u00bb text_align=\u00bbcenter\u00bb]Lo m\u00e1s destacado en Energ\u00eda[\/vc_column_text]<div class=\"vcex-spacing wpex-w-100 wpex-clear\" style=\"height:40px\"><\/div><div class=\"vcex-module vcex-blog-grid-wrap wpex-clr\"><div class=\"wpex-row vcex-blog-grid wpex-clr entries gap-30\"><div class=\"vcex-blog-entry vcex-grid-item entry-has-details span_1_of_3 col-1 col post-57 entry type-post has-media cat-1\"><div class=\"vcex-blog-entry-inner entry-inner wpex-first-mt-0 wpex-last-mb-0 wpex-clr\"><div class=\"vcex-blog-entry-media entry-media wpex-image-hover opacity\"><a href=\"https:\/\/neologicenergia.com\/?p=57\" title=\"Ayudas para la instalaci\u00f3n de paneles solares\"><img decoding=\"async\" loading=\"lazy\" class=\"vcex-blog-entry-img wpex-align-middle\" src=\"https:\/\/neologicenergia.com\/wp-content\/uploads\/2021\/07\/instalacion-placas-solares-neologic-energia-600x320.jpg\" alt=\"\" data-rjs=\"https:\/\/neologicenergia.com\/wp-content\/uploads\/2021\/07\/instalacion-placas-solares-neologic-energia-600x320@2x.jpg\" width=\"600\" height=\"320\" \/><\/a><\/div><div class=\"vcex-blog-entry-details entry-details wpex-bordered wpex-first-mt-0 wpex-last-mb-0 wpex-clr vc_custom_1626088713241\"><h2 class=\"vcex-blog-entry-title entry-title wpex-mb-5\"><a href=\"https:\/\/neologicenergia.com\/?p=57\">Ayudas para la instalaci\u00f3n de paneles solares<\/a><\/h2><div class=\"vcex-blog-entry-date entry-date wpex-text-sm wpex-text-gray-600 wpex-mb-5\">11 de julio de 2021<\/div><div class=\"vcex-blog-entry-excerpt entry-excerpt wpex-my-15 wpex-last-mb-0 wpex-clr\"><p>Con la entrada en vigor de la nueva factura de la luz viene un programa de ayudas para&hellip;<\/p><\/div><\/div><\/div><\/div><div class=\"vcex-blog-entry vcex-grid-item entry-has-details span_1_of_3 col-2 col post-55 entry type-post has-media cat-1\"><div class=\"vcex-blog-entry-inner entry-inner wpex-first-mt-0 wpex-last-mb-0 wpex-clr\"><div class=\"vcex-blog-entry-media entry-media wpex-image-hover opacity\"><a href=\"https:\/\/neologicenergia.com\/?p=55\" title=\"Ahorra con una alternativa renovable\"><img decoding=\"async\" loading=\"lazy\" class=\"vcex-blog-entry-img wpex-align-middle\" src=\"https:\/\/neologicenergia.com\/wp-content\/uploads\/2021\/07\/ahorrar-factura-alternativas-renovables-600x320.jpg\" alt=\"\" data-rjs=\"https:\/\/neologicenergia.com\/wp-content\/uploads\/2021\/07\/ahorrar-factura-alternativas-renovables-600x320@2x.jpg\" width=\"600\" height=\"320\" \/><\/a><\/div><div class=\"vcex-blog-entry-details entry-details wpex-bordered wpex-first-mt-0 wpex-last-mb-0 wpex-clr vc_custom_1626088713241\"><h2 class=\"vcex-blog-entry-title entry-title wpex-mb-5\"><a href=\"https:\/\/neologicenergia.com\/?p=55\">Ahorra con una alternativa renovable<\/a><\/h2><div class=\"vcex-blog-entry-date entry-date wpex-text-sm wpex-text-gray-600 wpex-mb-5\">11 de julio de 2021<\/div><div class=\"vcex-blog-entry-excerpt entry-excerpt wpex-my-15 wpex-last-mb-0 wpex-clr\"><p>La factura de la luz no para de subir y subir y nosotros con tal de ahorrar nos&hellip;<\/p><\/div><\/div><\/div><\/div><div class=\"vcex-blog-entry vcex-grid-item entry-has-details span_1_of_3 col-3 col post-53 entry type-post has-media cat-1\"><div class=\"vcex-blog-entry-inner entry-inner wpex-first-mt-0 wpex-last-mb-0 wpex-clr\"><div class=\"vcex-blog-entry-media entry-media wpex-image-hover opacity\"><a href=\"https:\/\/neologicenergia.com\/?p=53\" title=\"Luchemos contra el cambio clim\u00e1tico\"><img decoding=\"async\" loading=\"lazy\" class=\"vcex-blog-entry-img wpex-align-middle\" src=\"https:\/\/neologicenergia.com\/wp-content\/uploads\/2021\/07\/luchar-contra-cambio-climatico-neologic-energia-600x320.jpg\" alt=\"\" data-rjs=\"https:\/\/neologicenergia.com\/wp-content\/uploads\/2021\/07\/luchar-contra-cambio-climatico-neologic-energia-600x320@2x.jpg\" width=\"600\" height=\"320\" \/><\/a><\/div><div class=\"vcex-blog-entry-details entry-details wpex-bordered wpex-first-mt-0 wpex-last-mb-0 wpex-clr vc_custom_1626088713241\"><h2 class=\"vcex-blog-entry-title entry-title wpex-mb-5\"><a href=\"https:\/\/neologicenergia.com\/?p=53\">Luchemos contra el cambio clim\u00e1tico<\/a><\/h2><div class=\"vcex-blog-entry-date entry-date wpex-text-sm wpex-text-gray-600 wpex-mb-5\">11 de julio de 2021<\/div><div class=\"vcex-blog-entry-excerpt entry-excerpt wpex-my-15 wpex-last-mb-0 wpex-clr\"><p>Las energ\u00edas renovables deber\u00edan ser una prioridad para combatir la emergencia clim\u00e1tica en la que nos encontramos. De&hellip;<\/p><\/div><\/div><\/div><\/div><\/div><\/div>[\/vc_column][\/vc_row][vc_row full_width=\u00bbstretch_row\u00bb remove_bottom_col_margin=\u00bbtrue\u00bb bg_style=\u00bbstretch\u00bb css=\u00bb.vc_custom_1626087852219{padding-top: 60px !important;padding-bottom: 60px !important;}\u00bb][vc_column]<h3 class=\"vcex-heading vcex-module wpex-text-2xl wpex-font-normal wpex-m-auto wpex-max-w-100 vcex-heading-plain wpex-block wpex-text-center\" style=\"font-size:24px;font-weight:400;\"><span class=\"vcex-heading-inner wpex-inline-block wpex-clr\">Contacta con Neologic Energ\u00eda<\/span><\/h3><div class=\"vcex-spacing wpex-w-100 wpex-clear\" style=\"height:48px\"><\/div><div class=\"textcenter theme-button-wrap wpex-clr\"><a href=\"https:\/\/neologicenergia.com\/2021web\/contacto-neologic-energia\/\" class=\"vcex-button theme-button large align-center inline hvr hvr-sink\" style=\"background:rgba(0,150,64,0.8);padding-top:20px;padding-right:28px;padding-bottom:20px;padding-left:28px;color:#ffffff;border:0px;\" data-wpex-hover='{&quot;background&quot;:&quot;rgba(40,150,88,0.8)&quot;}'><span class=\"theme-button-inner\">CONTACTAR<\/span><\/a><\/div> [\/vc_column][\/vc_row]\n","protected":false},"excerpt":{"rendered":"<p>[vc_row full_width=\u00bbstretch_row_content_no_spaces\u00bb remove_bottom_col_margin=\u00bbtrue\u00bb][vc_column][rev_slider_vc alias=\u00bbhome-video-layer-video\u00bb][\/vc_column][\/vc_row][vc_row full_width=\u00bbstretch_row_content_no_spaces\u00bb content_placement=\u00bbmiddle\u00bb equal_height=\u00bbyes\u00bb remove_bottom_col_margin=\u00bbtrue\u00bb css=\u00bb.vc_custom_1626087414676{margin-top: 60px !important;margin-bottom: 40px !important;}\u00bb][vc_column width=\u00bb1\/2&#8243; css=\u00bb.vc_custom_1626085292478{padding-top: 340px !important;padding-bottom: 340px !important;background-image: url(https:\/\/neologicenergia.com\/wp-content\/uploads\/2021\/07\/empieza-a-ahorrar-neologic.jpg?id=219) !important;background-position: center !important;background-repeat: no-repeat !important;background-size: cover !important;}\u00bb][\/vc_column][vc_column width=\u00bb1\/2&#8243;][vc_row_inner content_placement=\u00bbmiddle\u00bb el_class=\u00bbDTpr20-100&#8243;][vc_column_inner][vc_empty_space height=\u00bb64px\u00bb][vc_empty_space height=\u00bb64px\u00bb][\/vc_column_inner][\/vc_row_inner][\/vc_column][\/vc_row][vc_row css=\u00bb.vc_custom_1525630456208{padding-top: 60px !important;padding-bottom: 20px !important;}\u00bb][vc_column][\/vc_column][\/vc_row][vc_row css=\u00bb.vc_custom_1626723531880{padding-bottom: 20px !important;}\u00bb][vc_column][vc_separator&hellip;<\/p>\n","protected":false},"author":1,"featured_media":0,"parent":0,"menu_order":0,"comment_status":"closed","ping_status":"closed","template":"","meta":{"footnotes":""},"class_list":["post-43","page","type-page","status-publish","hentry","entry","has-media"],"_links":{"self":[{"href":"https:\/\/neologicenergia.com\/index.php?rest_route=\/wp\/v2\/pages\/43","targetHints":{"allow":["GET"]}}],"collection":[{"href":"https:\/\/neologicenergia.com\/index.php?rest_route=\/wp\/v2\/pages"}],"about":[{"href":"https:\/\/neologicenergia.com\/index.php?rest_route=\/wp\/v2\/types\/page"}],"author":[{"embeddable":true,"href":"https:\/\/neologicenergia.com\/index.php?rest_route=\/wp\/v2\/users\/1"}],"replies":[{"embeddable":true,"href":"https:\/\/neologicenergia.com\/index.php?rest_route=%2Fwp%2Fv2%2Fcomments&post=43"}],"version-history":[{"count":91,"href":"https:\/\/neologicenergia.com\/index.php?rest_route=\/wp\/v2\/pages\/43\/revisions"}],"predecessor-version":[{"id":571,"href":"https:\/\/neologicenergia.com\/index.php?rest_route=\/wp\/v2\/pages\/43\/revisions\/571"}],"wp:attachment":[{"href":"https:\/\/neologicenergia.com\/index.php?rest_route=%2Fwp%2Fv2%2Fmedia&parent=43"}],"curies":[{"name":"wp","href":"https:\/\/api.w.org\/{rel}","templated":true}]}}